{"id":9,"date":"2023-03-14T11:23:06","date_gmt":"2023-03-14T10:23:06","guid":{"rendered":"https:\/\/crefinance.be\/cardiff\/?page_id=9"},"modified":"2023-05-30T15:23:54","modified_gmt":"2023-05-30T13:23:54","slug":"home","status":"publish","type":"page","link":"https:\/\/crefinance.be\/asdr\/","title":{"rendered":"Home"},"content":{"rendered":"\n\n<form class=\"row py-3 my-5 simulator\">\n    <div class=\"col-12\">\n\n        <div class=\"box\">\n            <h4 class=\"my-4\">Votre simulation solde restant d\u00fb ( ASRD )<\/h5>\n\n                <div class=\"row py-2\">\n                    <div class=\"col-6 col-md-3 label-column\">Type de contrat<\/div>\n                    <div class=\"col-6 col-md-9\"><b>Pr\u00eat immobilier<\/b><\/div>\n                <\/div>\n\n                <div class=\"row py-2 field\">\n                    <div class=\"col-6 col-md-3 label-column\">D\u00e9but des couvertures<\/div>\n                    <div class=\"col-6 col-md-3 input-column\">\n                        <input type=\"date\" name=\"effectiveDate\" value=\"2026-04-07\" class=\"form-control\" data-validate=\"required\">\n                    <\/div>\n                <\/div>\n\n                <div class=\"row py-2 field d-none\">\n                    <div class=\"col-6 col-md-3 label-column\">Nombre de personnes \u00e0 assurer<\/div>\n                    <div class=\"col-6 col-md-9 radio-buttons input-column\">\n                        <input type=\"radio\" id=\"persons-1\" name=\"persons\" value=\"1\" data-validate=\"required\" checked>\n                        <label for=\"persons-1\" class=\"btn btn-sm btn-secondary\">1<\/label>&nbsp;&nbsp;\n                        <input type=\"radio\" id=\"persons-2\" name=\"persons\" value=\"2\" data-validate=\"required\">\n                        <label for=\"persons-2\" class=\"btn btn-sm btn-secondary\">2<\/label>\n                    <\/div>\n                <\/div>\n        <\/div>\n\n    <\/div>\n\n    <div class=\"col-12\">\n\n        <div class=\"box\">\n\n            <div class=\"row\">\n                \n                    \n                    <div class=\"col-12 col-md-6 person-1-fields\" >\n\n                        <h4 class=\"my-3\">Assur\u00e9 1<\/h5>\n                            <div class=\"row  py-2 field\">\n                                <div class=\"col-4 label-column\">Civilit\u00e9<\/div>\n                                <div class=\"col-8 radio-buttons input-column\">\n                                    <input type=\"radio\" name=\"person_1_civility\" id=\"person_1_civility_female\" value=\"FEMALE\" data-validate=\"required\">\n                                    <label for=\"person_1_civility_female\" class=\"btn btn-sm btn-secondary\">Mme<\/label>\n\n                                    <input type=\"radio\" name=\"person_1_civility\" id=\"person_1_civility_male\" value=\"MALE\" data-validate=\"required\">\n                                    <label for=\"person_1_civility_male\" class=\"btn btn-sm btn-secondary\">Mr.<\/label>\n                                <\/div>\n                            <\/div>\n\n                            <div class=\"row py-2 field\">\n                                <div class=\"col-4 label-column\">Pr\u00e9nom<\/div>\n                                <div class=\"col-8 input-column\">\n                                    <input type=\"text\" name=\"person_1_firstname\" class=\"form-control\" data-validate=\"required\">\n                                <\/div>\n                            <\/div>\n                            <div class=\"row py-2 field\">\n                                <div class=\"col-4 label-column\">Nom<\/div>\n                                <div class=\"col-8 input-column\">\n                                    <input type=\"text\" name=\"person_1_lastname\" class=\"form-control\" data-validate=\"required\">\n                                <\/div>\n                            <\/div>\n                            <div class=\"row py-2 field\">\n                                <div class=\"col-4 label-column\">Date de naissance<\/div>\n                                <div class=\"col-8 input-column\">\n                                    <input type=\"date\" name=\"person_1_birthdate\" class=\"form-control\" data-validate=\"required\">\n                                <\/div>\n                            <\/div>\n                            <div class=\"row py-2 field\">\n                                <div class=\"col-4 label-column\">Pays de r\u00e9sidence<\/div>\n                                <div class=\"col-8 radio-buttons input-column\">\n                                    <input type=\"radio\" name=\"person_1_country\" id=\"person_1_country\" value=\"BELGIUM\" data-validate=\"required\" checked>\n                                    <label for=\"person_1_country\" class=\"btn btn-sm btn-secondary\">Belgique<\/label>\n                                <\/div>\n                            <\/div>\n                            <div class=\"row py-2 field\">\n                                <div class=\"col-4 label-column\">Fumeur<\/div>\n                                <div class=\"col-8 radio-buttons input-column\">\n\n                                    <input type=\"radio\" name=\"person_1_question_smoker\" id=\"person_1_smoker_1\" value=\"1\" data-validate=\"required\">\n                                    <label for=\"person_1_smoker_1\" class=\"btn btn-sm btn-secondary\">Fumeur<\/label>\n\n                                    <input type=\"radio\" name=\"person_1_question_smoker\" id=\"person_1_smoker_0\" value=\"0\" data-validate=\"required\" checked>\n                                    <label for=\"person_1_smoker_0\" class=\"btn btn-sm btn-secondary\">Non Fumeur<\/label>\n\n                                <\/div>\n                            <\/div>\n                            <div class=\"row py-2 field\">\n                                <div class=\"col-4 label-column\">Statut social<\/div>\n                                <div class=\"col-8 radio-buttons input-column\">\n                                    <input type=\"radio\" name=\"person_1_social_status\" id=\"person_1_social_status_employee\" value=\"EMPLOYEE\" data-validate=\"required\" checked>\n                                    <label for=\"person_1_social_status_employee\" class=\"btn btn-sm btn-secondary\">Salari\u00e9<\/label>\n\n                                    <input type=\"radio\" name=\"person_1_social_status\" id=\"person_1_social_status_independent\" value=\"INDEPENDENT\" data-validate=\"required\">\n                                    <label for=\"person_1_social_status_independent\" class=\"btn btn-sm btn-secondary\">Ind\u00e9pendant<\/label>\n                                <\/div>\n                            <\/div>\n                            \n                    <\/div>\n                \n                    \n                    <div class=\"col-12 col-md-6 person-2-fields\" data-show_when1=\"persons==2\" >\n\n                        <h4 class=\"my-3\">Assur\u00e9 2<\/h5>\n                            <div class=\"row  py-2 field\">\n                                <div class=\"col-4 label-column\">Civilit\u00e9<\/div>\n                                <div class=\"col-8 radio-buttons input-column\">\n                                    <input type=\"radio\" name=\"person_2_civility\" id=\"person_2_civility_female\" value=\"FEMALE\" data-validate=\"required-on-two-people\">\n                                    <label for=\"person_2_civility_female\" class=\"btn btn-sm btn-secondary\">Mme<\/label>\n\n                                    <input type=\"radio\" name=\"person_2_civility\" id=\"person_2_civility_male\" value=\"MALE\" data-validate=\"required-on-two-people\">\n                                    <label for=\"person_2_civility_male\" class=\"btn btn-sm btn-secondary\">Mr.<\/label>\n                                <\/div>\n                            <\/div>\n\n                            <div class=\"row py-2 field\">\n                                <div class=\"col-4 label-column\">Pr\u00e9nom<\/div>\n                                <div class=\"col-8 input-column\">\n                                    <input type=\"text\" name=\"person_2_firstname\" class=\"form-control\" data-validate=\"required-on-two-people\">\n                                <\/div>\n                            <\/div>\n                            <div class=\"row py-2 field\">\n                                <div class=\"col-4 label-column\">Nom<\/div>\n                                <div class=\"col-8 input-column\">\n                                    <input type=\"text\" name=\"person_2_lastname\" class=\"form-control\" data-validate=\"required-on-two-people\">\n                                <\/div>\n                            <\/div>\n                            <div class=\"row py-2 field\">\n                                <div class=\"col-4 label-column\">Date de naissance<\/div>\n                                <div class=\"col-8 input-column\">\n                                    <input type=\"date\" name=\"person_2_birthdate\" class=\"form-control\" data-validate=\"required-on-two-people\">\n                                <\/div>\n                            <\/div>\n                            <div class=\"row py-2 field\">\n                                <div class=\"col-4 label-column\">Pays de r\u00e9sidence<\/div>\n                                <div class=\"col-8 radio-buttons input-column\">\n                                    <input type=\"radio\" name=\"person_2_country\" id=\"person_2_country\" value=\"BELGIUM\" data-validate=\"required-on-two-people\" checked>\n                                    <label for=\"person_2_country\" class=\"btn btn-sm btn-secondary\">Belgique<\/label>\n                                <\/div>\n                            <\/div>\n                            <div class=\"row py-2 field\">\n                                <div class=\"col-4 label-column\">Fumeur<\/div>\n                                <div class=\"col-8 radio-buttons input-column\">\n\n                                    <input type=\"radio\" name=\"person_2_question_smoker\" id=\"person_2_smoker_1\" value=\"1\" data-validate=\"required-on-two-people\">\n                                    <label for=\"person_2_smoker_1\" class=\"btn btn-sm btn-secondary\">Fumeur<\/label>\n\n                                    <input type=\"radio\" name=\"person_2_question_smoker\" id=\"person_2_smoker_0\" value=\"0\" data-validate=\"required-on-two-people\" checked>\n                                    <label for=\"person_2_smoker_0\" class=\"btn btn-sm btn-secondary\">Non Fumeur<\/label>\n\n                                <\/div>\n                            <\/div>\n                            <div class=\"row py-2 field\">\n                                <div class=\"col-4 label-column\">Statut social<\/div>\n                                <div class=\"col-8 radio-buttons input-column\">\n                                    <input type=\"radio\" name=\"person_2_social_status\" id=\"person_2_social_status_employee\" value=\"EMPLOYEE\" data-validate=\"required-on-two-people\" checked>\n                                    <label for=\"person_2_social_status_employee\" class=\"btn btn-sm btn-secondary\">Salari\u00e9<\/label>\n\n                                    <input type=\"radio\" name=\"person_2_social_status\" id=\"person_2_social_status_independent\" value=\"INDEPENDENT\" data-validate=\"required-on-two-people\">\n                                    <label for=\"person_2_social_status_independent\" class=\"btn btn-sm btn-secondary\">Ind\u00e9pendant<\/label>\n                                <\/div>\n                            <\/div>\n                            \n                    <\/div>\n                \n            <\/div>\n        <\/div>\n    <\/div>\n\n    <div class=\"col-12\">\n        <div class=\"box\">\n            <h4 class=\"my-3\">Votre garantie principale<\/h4>\n\n            <h6 class=\"mt-4 text-decoration-underline\">Amortissement<\/h6>\n\n            <div class=\"row\">\n\n                <div class=\"col-lg-6 py-2\">\n                    <div class=\"row\">\n                        <div class=\"col-5 col-md-5 label-column\">\n                            Type d'amortissement\n                        <\/div>\n                        <div class=\"col-7 col-md-7\">\n                            <b>Solde restant d\u00fb<\/b>\n                        <\/div>\n                    <\/div>\n                <\/div>\n                <div class=\"col-lg-6 py-2\">\n                    <div class=\"row field\">\n                        <div class=\"col-5 col-md-5 label-column\">\n                            Pr\u00e9cisez\n                        <\/div>\n                        <div class=\"col-7 col-md-7 input-column\">\n\n                            <div>\n                                <input type=\"radio\" id=\"amortisement_precize_1\" value=\"Annuit\u00e9s constantes\" name=\"amortisement_precize\" data-validate=\"required\">&nbsp;&nbsp;<label for=\"amortisement_precize_1\" class=\"\">Annuit\u00e9s constantes<\/label>\n                            <\/div>\n                            <div>\n                                <input type=\"radio\" id=\"amortisement_precize_2\" value=\"Crescendo (record Cr\u00e9dit)\" name=\"amortisement_precize\" data-validate=\"required\">&nbsp;&nbsp;<label for=\"amortisement_precize_2\" class=\"\">Crescendo (record Cr\u00e9dit)<\/label>\n                            <\/div>\n                        <\/div>\n                    <\/div>\n                <\/div>\n\n\n\n\n            <\/div>\n\n            <h6 class=\"mt-4 text-decoration-underline\">D\u00e9tails du pr\u00eat<\/h6>\n\n            <div class=\"row\">\n                <div class=\"col-lg-6 field\">\n                    <div class=\"row\">\n                        <div class=\"col-5 col-lg-5 label-column py-2\">Capital \u00e0 emprunter<\/div>\n                        <div class=\"col-7 col-lg-7 input-column py-2\">\n                            <div class=\"input-group\">\n                                <input type=\"number\" class=\"form-control\" min=\"0\" step=\"1\" name=\"credit_1_amount_total\" data-validate=\"required|amount|minimum\" data-min=\"10000\" data-min_affix=\"\u20ac\">\n                                <div class=\"input-group-append\">\n                                    <span class=\"input-group-text\">\u20ac<\/span>\n                                <\/div>\n                            <\/div>\n                        <\/div>\n                    <\/div>\n                <\/div>\n                <div class=\"col-lg-6 field\">\n                    <div class=\"row\">\n                        <div class=\"col-5 col-lg-5 label-column py-2\">Capital \u00e0 assurer<\/div>\n                        <div class=\"col-7 col-lg-7 input-column py-2\">\n                            <div class=\"input-group\">\n                                <input type=\"number\" class=\"form-control\" min=\"0\" step=\"1\" name=\"credit_1_amount\" data-validate=\"required|amount|max-compare|minimum\" data-compare=\"credit_1_amount_total\" data-changedby=\"credit_1_amount_total\" data-min=\"10000\" data-min_affix=\"\u20ac\">\n                                <div class=\"input-group-append\">\n                                    <span class=\"input-group-text\">\u20ac<\/span>\n                                <\/div>\n                            <\/div>\n                        <\/div>\n                    <\/div>\n                <\/div>\n            <\/div>\n\n            <div class=\"row field\">\n                <div class=\"col-lg-6 field\">\n                    <div class=\"row\">\n                        <div class=\"col-5 col-lg-5 label-column py-2\">Dur\u00e9e<\/div>\n                        <div class=\"col-7 col-lg-7 input-column py-2\">\n                            <div class=\"input-group\">\n                                <input type=\"number\" name=\"credit_1_duration\" class=\"form-control\" min=\"0\" step=\"1\" data-validate=\"required|amount|integer|minimum\" data-min=\"12\">\n                                <div class=\"input-group-append\">\n                                    <span class=\"input-group-text\">mois<\/span>\n                                <\/div>\n                            <\/div>\n                        <\/div>\n                    <\/div>\n                <\/div>\n\n                <div class=\"col-lg-6 field\">\n                    <div class=\"row\">\n                        <div class=\"col-5 col-lg-5 label-column py-2\">Taux d'int\u00e9r\u00eat annuel<\/div>\n                        <div class=\"col-7 col-lg-7 input-column py-2\">\n                            <div class=\"input-group\">\n                                <input type=\"number\" name=\"credit_1_interest\" class=\"form-control\" min=\"0\" step=\"0.01\" data-validate=\"required|amount\">\n                                <div class=\"input-group-append\">\n                                    <span class=\"input-group-text\">%<\/span>\n                                <\/div>\n                            <\/div>\n                        <\/div>\n                    <\/div>\n                <\/div>\n\n            <\/div>\n\n            <div class=\"row \">\n                <div class=\"col-lg-6\">\n                    <div class=\"row\">\n                        <div class=\"col-5 col-lg-5 label-column py-2\">Remboursement du cr\u00e9dit<\/div>\n                        <div class=\"col-7 col-lg-3 py-2\"><b>Mensuelle<\/b><\/div>\n                    <\/div>\n                <\/div>\n                <div class=\"col-lg-6\">\n                    <div class=\"row\">\n                        <div class=\"col-5 col-lg-5 label-column py-2\">Fiscalit\u00e9<\/div>\n                        <div class=\"col-7 col-lg-7 py-2\"><b>Pas de fiscalit\u00e9<\/b><\/div>\n                    <\/div>\n                <\/div>\n\n\n            <\/div>\n        <\/div>\n\n        <div class=\"box\">\n            <h4 class=\"my-3\">Emprunt hypoth\u00e9caire<\/h4>\n            <div class=\"row py-2 field\">\n                <div class=\"col-12 radio-buttons input-column text-center text-lg-start\">\n                    <p class=\"text-start label-column\">Cette assurance sert \u00e0 garantir l'emprunt hypoth\u00e9caire conclu pour acqu\u00e9rir ou conserver un bien immobilier<\/p>\n                    <input type=\"radio\" id=\"mortgageLoanCover-1\" value=\"1\" name=\"mortgageLoanCover\" data-validate=\"required\">\n                    <label for=\"mortgageLoanCover-1\" class=\"btn btn-sm btn-secondary\">Oui<\/label>&nbsp;&nbsp;\n                    <input type=\"radio\" id=\"mortgageLoanCover-0\" value=\"0\" name=\"mortgageLoanCover\" data-validate=\"required\">\n                    <label for=\"mortgageLoanCover-0\" class=\"btn btn-sm btn-secondary\">Non<\/label>\n                <\/div>\n            <\/div>\n        <\/div>\n\n        <div class=\"box\">\n            <h4 class=\"my-3\">Votre prime<\/h4>\n            <h6 class=\"mt-4 text-decoration-underline\">Prime g\u00e9n\u00e9rale<\/h6>\n\n            <div class=\"row py-2\">\n                <div class=\"col-6 col-lg-3 label-column\">\n                    P\u00e9riodicit\u00e9 de paiement de la prime de la garantie d\u00e9c\u00e8s\n                <\/div>\n                <div class=\"col-6 col-lg-9\">\n                    <div class=\"radio-buttons\">\n                        <input type=\"radio\" id=\"periodicity-1\" value=\"MONTHLY\" name=\"periodicity\" data-validate=\"required\" checked>\n                        <label for=\"periodicity-1\" class=\"btn btn-sm btn-secondary\">Mensuelle<\/label>&nbsp;&nbsp;\n                        <input type=\"radio\" id=\"periodicity-2\" value=\"YEARLY\" name=\"periodicity\" data-validate=\"required\">\n                        <label for=\"periodicity-2\" class=\"btn btn-sm btn-secondary\">Annuelle<\/label>&nbsp;&nbsp;\n                        <input type=\"radio\" id=\"periodicity-3\" value=\"ONCE\" name=\"periodicity\" data-validate=\"required\">\n                        <label for=\"periodicity-3\" class=\"btn btn-sm btn-secondary\">Unique<\/label>\n                    <\/div>\n\n\n\n                <\/div>\n            <\/div>\n\n            <div class=\"row py-2 field\">\n                <div class=\"col-6 col-lg-3 label-column\">\n                    Dur\u00e9e de paiement de prime de la garantie d\u00e9c\u00e8s :\n                <\/div>\n                <div class=\"col-6 col-lg-4 input-column\">\n                    <div>\n                        <input type=\"radio\" id=\"premiumPaymentDurationType-twothirdduration\" value=\"PART_2_3_OF_TOTAL_DURATION\" name=\"premiumPaymentDurationType\" data-validate=\"required\" checked>&nbsp;&nbsp;<label for=\"premiumPaymentDurationType-twothirdduration\" class=\"\">2\/3 de la dur\u00e9e totale du contrat<\/label>\n                    <\/div>\n                    <div>\n                        <input type=\"radio\" id=\"premiumPaymentDurationType-otherDuration\" value=\"OTHER\" name=\"premiumPaymentDurationType\" data-validate=\"required\">&nbsp;&nbsp;<label for=\"premiumPaymentDurationType-otherDuration\" class=\"\">La dur\u00e9e totale du contrat ou autre<\/label>\n                    <\/div>\n\n                    <div class=\"input-group\" data-show_when=\"premiumPaymentDurationType==OTHER\">\n                        <input type=\"number\" name=\"premiumPaymentDuration\" class=\"form-control\" min=\"0\" step=\"1\" data-validate=\"required-when|duration\" data-when=\"premiumPaymentDurationType==OTHER\" data-changedby=\"credit_1_duration\">\n                        <div class=\"input-group-append\">\n                            <span class=\"input-group-text\">an(s)<\/span>\n                        <\/div>\n                    <\/div>\n                <\/div>\n            <\/div>\n            <div class=\"row py-2 field\">\n                <div class=\"col-6 col-lg-3 label-column\">\n                    Type de Prime :\n                <\/div>\n                <div class=\"col-6 col-lg-9 input-column\">\n                    <div class=\"description-label\">\n                        <input type=\"radio\" id=\"type_de_prime_1\" value=\"Garantie pendant les 3 premi\u00e8res ann\u00e9es du contrat\" name=\"type_de_prime\" data-validate=\"required\">&nbsp;&nbsp;<label for=\"type_de_prime_1\" class=\"\">Garantie pendant les 3 premi\u00e8res ann\u00e9es du contrat<br \/><small>La prime de votre assurance ASRD sera garantie durant les <b>trois premi\u00e8res ann\u00e9es<\/b>, ensuite elle deviendra VARIABLE jusqu\u2019au terme de votre contrat.<\/small><\/label>\n                    <\/div>\n                    <div class=\"description-label\">\n                        <input type=\"radio\" id=\"type_de_prime_2\" value=\"Garantie pendant toute la dur\u00e9e du contrat\" name=\"type_de_prime\" data-validate=\"required\">&nbsp;&nbsp;<label for=\"type_de_prime_2\" class=\"\">Garantie pendant toute la dur\u00e9e du contrat<br \/>\n                            <small>La prime de votre assurance ASRD sera <b>TOUJOURS identique<\/b> durant toute la dur\u00e9e de votre contrat (exemple : pendant 25 ans)<\/small><\/label>\n                    <\/div>\n                <\/div>\n            <\/div>\n        <\/div>\n    <\/div>\n\n    <div class=\"col text-center py-3\">\n        <input type=\"submit\" value=\"Simulation\" class=\"btn btn-primary\">\n    <\/div>\n\n    <div class=\"results1\"><\/div>\n\n\n\n<\/form>\n\n\n<a href=\"#\" class=\"contact-me\"><\/a>\n","protected":false},"excerpt":{"rendered":"","protected":false},"author":1,"featured_media":0,"parent":0,"menu_order":0,"comment_status":"closed","ping_status":"closed","template":"","meta":{"footnotes":""},"class_list":["post-9","page","type-page","status-publish","hentry"],"_links":{"self":[{"href":"https:\/\/crefinance.be\/asdr\/wp-json\/wp\/v2\/pages\/9","targetHints":{"allow":["GET"]}}],"collection":[{"href":"https:\/\/crefinance.be\/asdr\/wp-json\/wp\/v2\/pages"}],"about":[{"href":"https:\/\/crefinance.be\/asdr\/wp-json\/wp\/v2\/types\/page"}],"author":[{"embeddable":true,"href":"https:\/\/crefinance.be\/asdr\/wp-json\/wp\/v2\/users\/1"}],"replies":[{"embeddable":true,"href":"https:\/\/crefinance.be\/asdr\/wp-json\/wp\/v2\/comments?post=9"}],"version-history":[{"count":2,"href":"https:\/\/crefinance.be\/asdr\/wp-json\/wp\/v2\/pages\/9\/revisions"}],"predecessor-version":[{"id":20,"href":"https:\/\/crefinance.be\/asdr\/wp-json\/wp\/v2\/pages\/9\/revisions\/20"}],"wp:attachment":[{"href":"https:\/\/crefinance.be\/asdr\/wp-json\/wp\/v2\/media?parent=9"}],"curies":[{"name":"wp","href":"https:\/\/api.w.org\/{rel}","templated":true}]}}